 i(s).
16
Let v(x) = -x**3 + 2*x**2 + 3*x + 2. Let c be v(3). Suppose -c*y = y - 3, 2*h + 4*y - 12 = 0. Let g(n) = 2*n - 4*n - 2 + h*n. What is g(-4)?
-10
Let p(f) = -13*f**2. Let m(c) = -77*c**2. Let k(o) = -6*m(o) + 35*p(o). What is k(1)?
7
Let n(h) = 3 + 6*h**2 + 4*h**2 + 5*h - 9*h**2. What is n(-5)?
3
Suppose -4*k - 2*m - 2 = 0, 3*k - 11 = 4*k + 4*m. Let j(h) = h - 1. Let x(i) = 3*i - 15. Let r(z) = k*x(z) - 6*j(z). Determine r(-6).
9
Let w(z) = -3*z**2 + 5 - 8*z**2 + 6 + 2 + z - z**3. Calculate w(-11).
2
Let p(x) be the first derivative of -x**2/2 - 7*x - 3. Determine p(-7).
0
Let q(h) = -h - 1. Let d = 10 + -4. Let r(y) = -3*y**2 - 6*y - 5. Let f(t) = d*q(t) - r(t). Calculate f(-1).
2
Let v(j) = -7*j + 1. Let a be (-6 + 1 + 2)*-1. Let w(z) = 13*z - 2. Let b(n) = a*w(n) + 5*v(n). Suppose -7*x + 2*x + 5 = 2*s, -5*s + 22 = 3*x. Calculate b(x).
-5
Let h be -1 - -1*(6 + 0). Let m = 2 + h. Let p = 2 - m. Let k(x) = x**2 + 2*x - 6. What is k(p)?
9
Let z(s) = -s + 1. Let f(y) = -y + 3. Let r(b) = 3*b - 9. Let i(a) = -17*f(a) - 6*r(a). Let q(j) = i(j) - 2*z(j). Let t be 50/8 - (-1)/(-4). Calculate q(t).
7
Let m(r) = -r**2 + r - 1. Let b(z) = z**3 - 7*z**2 + 6*z - 6. Let v(p) = -b(p) + 2*m(p). Determine v(4).
4
Let q(x) = 0*x**2 - x + 2*x + 7 + 4*x**2 + x**3 - 4*x. Let j = 0 - -3. Suppose -5*s - j - 22 = 0. Give q(s).
-3
Let u(k) = -2*k + 9. Let c(z) = 2*z - 9. Let b(p) = -3*c(p) - 2*u(p). Let t be b(6). Let q = t + 6. Let x(r) = -r**3 + 2*r**2 + r - 3. Determine x(q).
-9
Let g = 14 + -12. Let d(r) = -8*r - r**g + 20*r - 12*r. What is d(-3)?
-9
Let n(u) = -2*u - 6. Let d(h) = 5*h + 11. Let i(q) = 3*d(q) + 5*n(q). What is i(-2)?
-7
Suppose 3 = -4*u + 43. Let t(f) = -6*f + f**2 - 1 + 15*f - u*f. Calculate t(4).
11
Let a(f) = f**3 + 0*f**3 + 5*f**3 - f**2 - f + 0*f**2. Determine a(-1).
-6
Suppose -2*d - 18 = -m, 4*d + 0*d = 4*m - 56. Suppose -2*q - m = -4*q. Let w(b) = -b**2 + 6*b - 7. Calculate w(q).
-2
Suppose 3*f + 2*f = 10. Let l(s) = -s**2 + 4*s - 1. Let v be l(f). Let y(p) = -2*p**2 + 4*p**3 + 3*p**2 + 5 - 2 - 2*p - 5*p**v. What is y(2)?
-5
Let w(i) = i**2 + 2*i + 3. Suppose 5*g - 34 = 6. Suppose g = -5*z - 7. Calculate w(z).
6
Let r(o) = -2*o + 1. Let h(i) = i**2 - 11*i + 11. Let n be ((-7)/14)/(2/(-40)). Let q be h(n). Give r(q).
-1
Let r(b) = b**2 - 5*b - 8. Let a be r(7). Let g = 6 - a. Let s(y) = -y - 6 + g*y**2 - y**2 + 1. Give s(0).
-5
Let f(l) be the first derivative of -l**2/2 - 6. Calculate f(-4).
4
Let h = -7 - -1. Let x(b) = -b**3 - 6*b**2 + 2*b + 4. Determine x(h).
-8
Let x(l) be the first derivative of l**4/4 - 5*l**3/3 + l**2/2 - 6*l - 4. Determine x(5).
-1
Suppose 3*c - 4 - 4 = -2*i, -i - 1 = -c. Let b(j) = 0 + j**2 - 2*j - 4 + c. Let h(y) = -y + 4. Let q be h(2). Determine b(q).
-2
Let n(a) = a**2 - 4*a - 2. Suppose -12 = -s + 2*j + 3*j, 0 = 4*s + 3*j + 21. Give n(s).
19
Let x(b) = 29*b. Let d be x(1). Suppose -97 + d = -4*o. Suppose 0*j = 3*c + 2*j + o, -5*j = -c + 17. Let s(q) = -q**3 - 4*q**2 - 2*q - 3. What is s(c)?
-6
Let w(i) = 8*i + 8. Let l(h) = 1. Let p(q) = -8*l(q) + w(q). What is p(1)?
8
Let b(d) = 8*d**3 - 8*d**2 + 11*d - 22. Suppose 3*z = -2*z - 55. Let t(m) = -3*m**3 + 3*m**2 - 4*m + 7. Let y(r) = z*t(r) - 4*b(r). What is y(0)?
11
Let l(p) = -p**3 + 3*p**2 - 2*p. Suppose 1 = r - 1. Suppose r*q - 3*q + 3 = 0. What is l(q)?
-6
Suppose u + 4*k = 7, -5*k + 6 = 1. Let w(b) be the second derivative of -b**4/12 + b**3/6 - b**2/2 + 2*b. Calculate w(u).
-7
Suppose 0 = -6*g + 8*g. Let f(z) be the second derivative of 7/2*z**2 - z + 1/6*z**3 + g. Give f(0).
7
Let o(d) be the third derivative of -d**5/60 + d**3/3 - 2*d**2 - 27*d. Let h = 0 + 0. Calculate o(h).
2
Suppose 0 = -5*k + 21 + 9. Let q = 0 + 0. Let f(j) = 2*j + 0*j + q - 8. Calculate f(k).
4
Let v(y) = 3*y + 5. Let i(x) = -x - 1. Let p(d) = 9*i(d) + 2*v(d). Let b(s) = -s**2 + 8*s - 3. Let j(l) = -4*b(l) - 11*p(l). Calculate j(-1).
4
Suppose 7*z + 16 = 3*z. Let l(k) be the first derivative of -k**4/4 - 5*k**3/3 - 2*k**2 - 4*k + 1. Calculate l(z).
-4
Let b(m) = m**2. Let q(y) = y**3 + 10*y**2 + 8*y + 7. Let i(x) = 2*b(x) - q(x). Calculate i(-7).
0
Let w(r) = -r + 1. Suppose 3 = 7*y - 25. Determine w(y).
-3
Suppose 5*d + 4 = 4*d. Let g(q) = 5*q + 2. Let n(o) = 4*o + 1. Let v(a) = d*n(a) + 3*g(a). Calculate v(4).
-2
Let u be (-6)/(1 + -3 - -1). Let m(n) be the third derivative of -n**6/120 + n**5/10 + n**4/8 - 4*n**3/3 + 164*n**2. What is m(u)?
10
Let i be (2 - (-2 - 0)) + -2. Let z be 15/i + 2/(-4). Let c be 3/2 + z/(-2). Let f(d) = -d - 1. Determine f(c).
1
Let l be (-3)/(-9)*(-9)/(-1). Suppose b + l = -2. Let h(k) be the first derivative of k**4/4 + 5*k**3/3 - k**2 - 6*k + 2. Determine h(b).
4
Let m(w) = 4*w - 3. Let i(p) = 17*p - 13. Let a(s) = -4*i(s) + 18*m(s). Give a(-3).
-14
Let f(g) be the first derivative of g**4/2 + 2*g**3/3 - g**2/2 - 54. Calculate f(1).
3
Let x(y) = 3*y**3 - 7*y**2 + 3*y - 4. Let q(i) = -16*i**3 + 36*i**2 - 14*i + 21. Let f(h) = 2*q(h) + 11*x(h). Determine f(3).
-5
Let x be 3/((3/(-12))/((-1)/(-3))). Let i(q) = q + 5. Determine i(x).
1
Suppose -17*g - 4 = -21*g. Let v(m) = m**3 - 5*m**2 - m + 7. Let h be v(5). Let n(t) = -3*t**2 + 5*t**2 + 1 - h. Calculate n(g).
1
Let x(f) = -9*f + 2. Let z(b) = -46*b + 10. Let t(r) = 11*x(r) - 2*z(r). Calculate t(-4).
30
Let q(u) be the second derivative of -u**5/20 - u**4/6 - u**3/6 + u**2/2 + 2*u. Let p be ((-3)/9)/((-5)/45). Suppose -3*h - 3 = p. Calculate q(h).
3
Let j(i) = i**2 + i - 1. Let o(u) = 3*u**2 + 2*u - 7. Let z(s) = 4*j(s) - o(s). Let f = 7 - 9. Let d be z(f). Let w(q) = q - 5. Determine w(d).
-2
Let a(f) = f**3 + 6*f**2 + 7*f + 7. Let j = 10 + -15. Calculate a(j).
-3
Let z = 11 - 8. Suppose -4*v = z*c - 17, -6 = -v - 4*c + 8. Let u(q) = 5 - q**2 - 2*q + 2*q**2 - 2. Determine u(v).
3
Let n(w) = 4*w + 5. Let l(f) = -9*f - 11. Let i(m) = -6*l(m) - 13*n(m). What is i(-6)?
-11
Suppose 0 = -d - 3*p - 15, -3*d - 2*d - 5*p = 45. Let y(b) = -5 + b**3 - 2 - 4*b - 3*b + 5*b**2. Determine y(d).
-1
Let p(u) be the second derivative of -u**3/3 + 7*u**2/2 - 2*u. Let n be (-7 + 3)*(-3)/2. Suppose 24 = 3*b + n. Determine p(b).
-5
Let n be -1 - 0/(-3) - -2. Let a be 3 - (0 + -2 + n). Let k(q) = a*q - 3*q + 2*q. Calculate k(1).
3
Let z(l) = -l - 6. Let c be z(-3). Let k(y) = 8*y + 1. Determine k(c).
-23
Let x(s) be the first derivative of -9*s**4/4 - s**2/2 + s + 2. Determine x(1).
-9
Let l be (-2 - 4/(-3))*9. Let d(h) = -4*h - 13. Let q(w) be the third derivative of -5*w**4/24 - 7*w**3/3 + w**2. Let k(z) = -4*d(z) + 3*q(z). Calculate k(l).
4
Let m be 1/(-2) - 15/2. Let u = m - -5. Let b(x) = x**3 + 2*x**2 + x + 4. Calculate b(u).
-8
Let t(b) = b - 11. Let q be t(7). Let m(g) = g**2 + 7*g + 6. Calculate m(q).
-6
Suppose 10 = -a + 6*a. Suppose 4*j - 16 = 4*h, -4*j = h - a*h - 10. Let g(p) = -p**3 + 6*p + 4*p**j + p + p - 7. Determine g(5).
8
Let v(s) = 0*s - s + 7*s**3 - 1 + 0*s**3. Calculate v(-1).
-7
Suppose u - 4 = -8. Let y(v) = 4*v**3 + v**2 + 3*v + 2. Let o(s) = s**3 + s**2 + s + 1. Let m(h) = -5*o(h) + y(h). Calculate m(u).
5
Let g(k) = k**3 - k**2 - k + 1. Let x(m) = -7*m**3 + 2*m**2 + 11*m - 9. Let l(j) = -6*g(j) - x(j). Suppose 4*c - 2*c = 6. Suppose -c*y - 25 = 2*y. Give l(y).
3
Let f(n) be the third derivative of -n**6/120 + n**5/60 + n**4/24 + n**3/3 + 7*n**2. Determine f(0).
2
Let s(z) = -4 + 3 - 5 + 12*z - 13*z. Suppose 0 = 2*u - 0*u. Calculate s(u).
-6
Let r(w) = -2*w**3 + 2*w**2 - 2*w + 3. Let c be ((-18)/(-21))/3*7. Calculate r(c).
-9
Let f(h) = 2*h**2 - 4*h + 5. Let y(u) = -u**2 + 2*u - 3. Let n(m) = -3*f(m) - 5*y(m). What is n(5)?
-15
Let m(q) = q - 6. Let j = -82 - -89. What is m(j)?
1
Suppose 2*s - 5 = s. Suppose s*b - 55 = -5*p, -2*p - p - 4*b = -37. Let t(m) = m**2 - 7*m + 5. Calculate t(p).
5
Let v(t) = -t**3 - 3*t - 12. Let m(l) = -2*l**3 - 5*l - 23. Let f(y) = -3*m(y) + 5*v(y). Let b be 0*(6/(-4) + 2). Calculate f(b).
9
Let v(i) = 5*i - 3*i - 3*i - 5 - 2*i. Determine v(-5).
10
Let l(o) be the first derivative of -o**5/60 + o**4/24 + 4*o**3/3 + 2. Let z(f) be the third derivative of l(f). Calculate z(1).
-1
Let i(d) = -d**3 - 5*d**2 - 5*d + 2. Suppose 5*q + 26 = -l - l, -18 = 3*q + 2*l. What is i(q)?
6
Let l = -5 + 10. Let w(r) = r**3 - 5*r**2 + 2*r + 2. Determine w(l).
12
Let b(a